 is the remainder when d is divided by 39?
36
Let r(h) = h**2 + 2*h - 4. Suppose -2*o = -4*o + 8. Let k(f) = -4*f - 13. What is the remainder when r(o) is divided by k(-5)?
6
Suppose x - i - 2701 = 0, 5*i - 5415 - 10714 = -6*x. Calculate the remainder when x is divided by 2692.
2
Suppose -496 = -19*r + 3133. What is the remainder when 370 is divided by r?
179
Suppose 3*t + 8 - 50 = 0. Let x(b) = b**3 + 14*b**2 - 22*b - 53. Let o be x(-15). Suppose 0 = -9*r + 137 + o. What is the remainder when r is divided by t?
7
What is the remainder when 288 is divided by ((-21)/(1344/(-368)))/(2/8)?
12
Let d = 172 + -63. Let b = d + -98. What is the remainder when 20 is divided by b?
9
Suppose 64 = 3*c + 4*x, -138 + 128 = 5*x. What is the remainder when 270 is divided by c?
6
Let g = -125 + 208. Suppose 0 = -j - 82*o + 84*o + 261, -48 = 6*o. Calculate the remainder when j is divided by g.
79
Suppose 884 = -8*y + 3996. Let g = -376 + y. Calculate the remainder when 167 is divided by g.
11
Let j = 1616 + -1486. What is the remainder when 1299 is divided by j?
129
Suppose 3*f - 5*g - 198 = 0, -f - 4*f = 4*g - 367. What is the remainder when f is divided by (1/(1/18))/(6/(-3) - -4)?
8
Let a = 369 + -362. Let n(l) = 14*l + 75. Calculate the remainder when n(a) is divided by 44.
41
Calculate the remainder when 821 is divided by 4/(-18) + (-561340)/(-1989).
257
Let x(r) = -4*r + 22. Let c be x(5). Suppose 2*q - n = 287, 48 = c*q - 2*n - 244. Calculate the remainder when q is divided by 16.
13
Suppose -52 = -9*z - 7. Suppose -4*u = d - 597, -z*d - 93 - 51 = -u. What is the remainder when u is divided by 15?
14
Suppose 8*j + 406 = 3*m, -m - 3*j + 122 = 15. Calculate the remainder when 365 is divided by m.
121
Let s = -745 + 1099. What is the remainder when s is divided by 7?
4
Suppose 4*n = 5*m + 2, -n = 2*m - 0*n - 7. Suppose m*b = 4 - 4. Suppose -3*g + 61 + 5 = b. Calculate the remainder when 85 is divided by g.
19
Let a(j) = -9*j**3 + 2*j**2 + 19*j + 18. What is the remainder when 88 is divided by a(-1)?
8
Let j = 692 - 677. Suppose 0 = 3*l + 2*u - 138, -3*l + 230 = 2*l + 4*u. Let c = -36 + l. What is the remainder when j is divided by c?
5
Suppose 3*h - 189 = -5*c, -h - 219 = -4*h + 5*c. Let o = -52 + h. Calculate the remainder when ((-25)/(-10))/(2/72) is divided by o.
10
Suppose 6 = -1513*d + 1514*d. Suppose 40 - 82 = -d*o. Calculate the remainder when 104 is divided by o.
6
Let w(z) = 26*z - 302. What is the remainder when 6287 is divided by w(12)?
7
Let g(a) = a**3 - 16*a**2 - 35*a - 20. Let m be g(18). Calculate the remainder when (611/(-26))/(m/4) is divided by (3*8)/(-2 - -3).
23
Let h(y) = -136*y**3 + 3*y**2 - 1. Let s be h(-1). Suppose 3*p + 12 = s. What is the remainder when 2 - (-5148)/p - 8/14 is divided by 21?
19
Let k = 154 + -108. Calculate the remainder when (-2055)/(-15) + 0 + 0 is divided by k.
45
Suppose 0 = -p + 2*w + 70, 5*p - 9*w - 343 = -6*w. What is the remainder when p is divided by 44?
24
Let z(o) = 3*o**3 - 172*o**2 - 108*o - 142. What is the remainder when z(58) is divided by 65?
62
Suppose 2*z + 106 = k + 114, 0 = 5*z + 4*k - 7. Suppose 2*m = 3*m - 40. Let p = m + -28. Calculate the remainder when p is divided by z.
0
Suppose -2977 = 111*s - 32170. What is the remainder when 1312 is divided by s?
260
Let t = -114 - -118. What is the remainder when (2/t)/((-23)/(-1426)) is divided by 12?
7
Suppose -61*d + 58*d = -6. Suppose -d*u = -5*q + 1095, -q - u + 4*u + 232 = 0. What is the remainder when q is divided by 20?
17
Let d(w) = 12*w - 20. Suppose -222 = -9*x - 204. What is the remainder when 42 is divided by d(x)?
2
Let v(r) = r**3 + 3*r**2 - 3*r - 7. Let b = 172 + -161. Suppose -24*w + 585 = -b*w. What is the remainder when v(5) is divided by w?
43
Let y(t) = 5*t**3 - 10*t**2 + 13*t + 8. What is the remainder when y(7) is divided by 217?
22
Suppose 17*q - 7 = 61. Let j(z) = 2*z**3 + 33*z**2 - 21*z - 41. Calculate the remainder when j(-17) is divided by q.
3
Suppose 7*w - 3*w - 4 = 0. Let t be (-22)/(-11) - (-1 - (w - 0)). Suppose -y + t + 0 = -2*n, -7 = -y - n. Calculate the remainder when 41 is divided by y.
5
Calculate the remainder when 3/(-9) + 266/6 is divided by 3*(0 - (3 + -1) - -6).
8
Let w(f) = f**2 + 4 - 4*f - f - 2*f**2. Let z be w(-5). Suppose -68 = -z*j + 20. Calculate the remainder when j is divided by 8.
6
Let n = -40 - -101. Suppose 21 = 7*b - 0. Suppose -4*r + 84 = 3*f, 2*f = b*f + r - 29. Calculate the remainder when n is divided by f.
29
Suppose 10*i - 102 = 78. Calculate the remainder when 91 is divided by (-8)/i + (-4 - 548/(-18)).
13
Let u(p) = p**3 - 38*p**2 - 251*p + 2599. Calculate the remainder when u(43) is divided by 1040.
11
Let w = -3018 - -3050. Calculate the remainder when w is divided by (0 - (-12)/9)/(1/12).
0
Calculate the remainder when (-1 - -19)/(10/(900/27)) is divided by (-89)/(-4) - 2/8.
16
Suppose -4*m = -0*r - r + 31, 5*m + 5*r + 45 = 0. Calculate the remainder when 91 is divided by (-8)/m - (-27)/1.
7
Suppose -4*c + 4362 = -1870. What is the remainder when 24/54 - c/(-18) is divided by 47?
40
Let t = 253 - 241. Suppose -5*s = -t*s + 581. Calculate the remainder when s is divided by (-348)/(-20) - 4/10.
15
Let q be (-56)/6 - (-1)/3. Let i = q + 22. Suppose -2*g + 5*u + 12 = -56, 0 = -3*g + 4*u + 67. Calculate the remainder when i is divided by g.
4
Suppose 0 = 11*a - 903 - 1143. Suppose 5*m + 2*l - 440 = -3*l, -4*l = 2*m - a. Suppose 5*i + 8 = m. What is the remainder when 29 is divided by i?
14
Suppose g + 15 = -4*o, -4*g = -2*g - 4*o + 42. Let l(y) = y**2 + 19*y + 23. What is the remainder when 65 is divided by l(g)?
19
Suppose -4*o + 4137 = 38*x - 37*x, 2*o - 2041 = 5*x. Calculate the remainder when o is divided by 172.
1
What is the remainder when ((-79)/(5688/(-48)))/(1/972) is divided by 164?
156
Let j(b) = 10*b - 85. Let t be j(9). Suppose -402 = -4*z + p, t*z - 503 = 3*p - 2*p. Calculate the remainder when z is divided by 37.
27
Let y be 6/(-5)*360/(-108). Calculate the remainder when 1 + 1*(-12)/(-2) is divided by -5 - (-6 + -7 + y).
3
What is the remainder when -5 + (0 - 5958/(-9) - 0) is divided by 220?
217
Let z be (-1 + 4 + 2)/(0 + 1). Suppose -2*s - z*q = -17, -q - 2 = -5*s + 81. Calculate the remainder when 15/2*-5*s/(-24) is divided by 9.
7
Suppose -78 = -3*r + 6*r. Let y be (-19)/(-5) + ((-154)/(-55))/14. What is the remainder when (-2)/y - 1183/r is divided by 14?
3
Suppose 2*d - 3*d = 4*a - 4490, 2*a - 2246 = -d. Suppose i - 12*i + a = 0. What is the remainder when i is divided by 21?
18
Suppose 577*q - 4*m - 2922 = 574*q, -5*q + m = -4887. Calculate the remainder when q is divided by 122.
2
Let i = 174 - 141. What is the remainder when 104 is divided by 4 + -1 - (7 - i)?
17
Suppose -29*t + 10*t + 431 = 70. Calculate the remainder when 25950 is divided by t.
15
Suppose -26035 = -33*h + 12*h + 35348. Calculate the remainder when h is divided by 43.
42
Let x(n) = -63*n + 587. What is the remainder when 514 is divided by x(9)?
14
Let l be ((-172)/(-3))/(8 - 225/27). Let b = l + 342. What is the remainder when b is divided by 57?
56
Calculate the remainder when 6 + 177/((-7)/2*24/(-224)) is divided by 8.
6
Suppose 5*w + 2*m - 6 - 123 = 0, -4*w + 98 = -m. Calculate the remainder when 840 is divided by w.
15
Let b(o) = 51*o**2 - 7*o - 27. Let p be b(5). Suppose 37*l + 288 = p. What is the remainder when l is divided by 4?
1
Suppose 4*g - 57*s + 61*s - 168 = 0, -3*s + 85 = 2*g. What is the remainder when 362 is divided by g?
34
Let c = -929 - -1705. What is the remainder when c is divided by 46?
40
Suppose 2*f = -4*r + 6, 18 = 37*f - 34*f + 5*r. What is the remainder when f is divided by 2?
1
Let k = -101 - -225. What is the remainder when k is divided by 29?
8
Let q be 4/((-2 + 3)*1). Suppose 125 = 5*m - 2*r + 17, q*r + 36 = m. Calculate the remainder when m is divided by (24/(-96) - (-28)/(-16))/((-4)/14).
6
Let d(m) = 4*m**2 + 14*m - 5. Let x(q) = -q**3 - 6*q**2 + 5*q - 2. Calculate the remainder when d(-7) is divided by x(-7).
9
Let l(q) = 285*q - 3938. Calculate the remainder when 534 is divided by l(14).
14
Suppose 0 = 2*s + 3*w + 260, 650 = -9*s + 4*s + 2*w. Let r = -94 - s. What is the remainder when r is divided by 7?
1
Suppose -86*x = -197*x + 65*x + 3634. What is 